 7 = 0, 2 = 4*z + 3*g + 7. Calculate m(z).
-12
Let k(o) be the first derivative of -o**4/4 + 3*o**3 - 5*o**2 + 11*o - 81. Let b(h) = -h + 4. Let z be b(0). Suppose -z*r - 4 = -36. Give k(r).
-5
Let k be (3 - 8)*-1 + -3. Let d(q) = -1 - 1 + 45*q - 43*q - k*q**2. What is d(2)?
-6
Let n(u) = 4*u - 2. Let m(x) = x**2 + 2*x - 5. Let o = -16 - -12. Let c be m(o). Let h(k) = 9*k - 3. Let t(g) = c*h(g) - 7*n(g). Give t(0).
5
Let g(u) = -15*u + 5. Let w(j) = -5*j + 6 - 2 + 1 - 3. Let c(l) = 4*g(l) - 11*w(l). Suppose 11 = 3*n - s, 5*n - 3*n + 3*s = 0. Calculate c(n).
-17
Let b(w) = 3*w - 5. Let d be (1 + -2)/((-11)/22). Suppose 3*v + d*x - 10 = 0, -4*v + v - 4*x = -2. Determine b(v).
13
Let v(x) be the second derivative of -x**5/20 + x**4/3 + x**3/2 + 5*x**2/2 + x. Let k be (2 - 45/10)*(1 - 3). Determine v(k).
-5
Let o be (30/(-4))/5*6. Let a(p) = -3 + p**3 + 22*p**2 + p - 13*p**2 + 10. What is a(o)?
-2
Let r = -9 - -2. Let h(l) = 3*l**2 - 10*l + 6. Let d(x) = -4*x**2 + 11*x - 5. Let o(a) = -4*d(a) - 5*h(a). What is o(r)?
-3
Let j be ((-5)/((-20)/4))/(2/110). Let r = j + -53. Let g(l) = -2*l + 2. What is g(r)?
-2
Let n be (-6)/8*-4 - 4. Let r(x) = -18*x**3 - 2*x**2 + 1. Give r(n).
17
Let h(x) = -2*x - 6. Let c(l) = -l**3 + 21*l**2 + 23*l - 29. Let v be c(22). Determine h(v).
8
Let i(k) = -2*k**2 - 5 + 8*k**2 - k**3 + 5*k - 9*k. Suppose 49 = 5*o - 1. Let n be (o/(-4))/(11/(-22)). Determine i(n).
0
Let n = 135 + -90. Suppose -8*t + 17*t = -n. Let h(y) = -2*y - 4. Give h(t).
6
Let d(t) = -t + 12. Let g = -121 - -172. Suppose -g = -6*l - 21. Give d(l).
7
Let p(f) = f**2 - 4*f - 4. Let y be 44/6*(-9)/(-6). Let c = y + -6. Calculate p(c).
1
Suppose 3*g + 2*m + 85 = 0, 0 = 5*g - 7*g - 5*m - 42. Let t = g + 35. Let d(r) = t + 0 + 0*r + 5*r. Determine d(-4).
-16
Let m(d) be the second derivative of -d**4/12 - 2*d**3/3 + 3*d**2 - 6*d. Let x be 4*14/24*-3. What is m(x)?
-15
Let o = -4 - 0. Let r(a) = -a**2 - 6*a. Let z be r(o). Let l(d) = -d**2 + z*d - 1 - 1 - 2*d - 2*d. Determine l(4).
-2
Let v(i) = 0 + 2 + 4 + 2*i + 0. Let j be v(-4). Let a(p) = -11*p**2 + 19*p. Let x(t) = 5*t**2 - 9*t. Let h(r) = 6*a(r) + 13*x(r). Determine h(j).
2
Let d(s) = -s - 7. Let m = 89 + 139. Let a be (2/(-11))/1 - m/(-44). Give d(a).
-12
Let z be 3/(-12) + (-2)/(-8). Suppose -957 - 2291 = -7*c. Let y(g) = 3 - 6 + 463*g - c*g. Determine y(z).
-3
Let h(u) = 2*u - 4. Let a be ((-130)/(-20))/((-1)/6). Let s = a + 35. Calculate h(s).
-12
Suppose 2*h = 3*g + 10, 2*g + g + 6 = 0. Let l = h + -2. Let q be (2 - (2 - 2)) + l. Let x(u) = 5*u + 2. What is x(q)?
12
Let l(n) = 7*n - 5. Let v(z) = -21 + 75 - 30 - 26 + 3*z. Let g(c) = -2*l(c) + 5*v(c). Give g(1).
1
Let v(l) be the first derivative of 7*l**2 - 2*l**2 + 3 + 2*l - 4*l**2. Let d be (-13)/3 + (-7)/(-21). What is v(d)?
-6
Let l(y) = -y**3 + 17*y**2 - 15*y - 14. Let d be ((-6)/(-15))/((-5)/(-200)). Determine l(d).
2
Let p be 1*-2 + 18 + (-108)/12. Let t(k) = 2*k + 9. Give t(p).
23
Let z(i) be the first derivative of i**3/3 + i**2/2 - 4*i - 1. Suppose 5*a + 25 = w, -1 = 2*a + 4*w - 13. Determine z(a).
8
Let t(z) = -2*z**2 - 7*z - 7. Suppose -4*h - h + 21 = -x, 0 = -5*x - h - 27. Determine t(x).
-37
Let c(i) = 2*i**2 + 9 - 5*i**2 + i**2 - 8*i + 3*i**2. What is c(4)?
-7
Let r(k) be the first derivative of k**2/2 + 3*k + 1. Let j(w) be the second derivative of -w**4/12 + 3*w**3 - 6*w**2 - 15*w. Let y be j(17). What is r(y)?
8
Suppose -12*o - 50 = -7*o. Let l(i) = -5*i**2 - 2*i. Let k(x) = -10*x**2 - 5*x. Let u(b) = o*l(b) + 4*k(b). Let w = 3 - 4. Calculate u(w).
10
Let w(u) be the second derivative of -u**5/20 + u**4/2 + 5*u**3/2 + 3*u**2/2 + 202*u. Calculate w(8).
-5
Let k(i) = -5*i + 1 - 2 - 9 + 52873*i**3 - 52872*i**3 + 6*i**2. Suppose -2 - 12 = 2*s. What is k(s)?
-24
Let o = -3 - -4. Let b(w) = -262 + 263 + 4*w + 9*w. Give b(o).
14
Let r(j) = -102*j**2 + 103*j**2 - 1 - 1 - 3*j - 1. Determine r(3).
-3
Let c(l) = 2*l**3 - 4*l**2 - l**3 - 2*l - 2 + l. Suppose -3*w + 4*a = -4, 3*a - 2 = 2*w - 2*a. Determine c(w).
-6
Let j(m) = -11*m - 11*m + 42*m - 19*m - 20*m. Give j(1).
-19
Suppose x + 19 = 6*x + 2*z, 2*x - z - 13 = 0. Suppose x*t = 4*n + 28, 2*t - 3 - 3 = -n. Let g(v) = 2*v - 6. Calculate g(t).
2
Let a(s) = 6*s**3 + 2*s**2 - s - 3. Let h(z) = 7*z**3 + 2*z**2 - 2*z - 4. Let q(j) = -6*a(j) + 5*h(j). Calculate q(-2).
6
Let k(j) be the second derivative of 0*j**4 + 0 + 0*j**5 - 1/120*j**6 + 3*j + 2*j**2 - 5/6*j**3. Let v(r) be the first derivative of k(r). What is v(0)?
-5
Let c(y) = y**3 - 8*y**2 + 12*y + 5. Suppose -6*z + z - 45 = -5*r, 4*z = -3*r + 6. What is c(r)?
5
Let s(t) = -2*t**2 - t**2 + 2*t**2 + 109 - 109 - t + t**3. Calculate s(2).
2
Let y be (-3)/6 - (2 + 9/(-2)). Let w(r) = r**2 - 6*r - 4. Let u be w(7). Let k be 1 - y/u*-3. Let c(d) = -d**2 - d + 4. Give c(k).
-8
Let q(g) be the third derivative of -g**6/120 - g**5/12 - 5*g**4/24 + 552*g**2. Determine q(-4).
4
Let f(p) = p - 7. Let g be f(9). Suppose -2 = -g*u + 2. Let v be -1 - (-2 + u)/2. Let m(x) = 4*x**3 - x**2 + x + 1. What is m(v)?
-5
Let s(t) = 834 - 1661 + t + 834. What is s(-9)?
-2
Let o(z) = 0*z - 3 - 2*z - 3 + 2. Let g(l) = l**2 - 4*l - 6. Let t be g(6). Let v be (t*-1)/((-3)/(-2)). Calculate o(v).
4
Let r(y) = -4*y - 20. Let x(c) = -24*c - 197. Let s be x(-8). Calculate r(s).
0
Let w(u) = u**2 - 2*u - 6. Let c(f) = 4*f**2 - f - 17. Let p(q) = 2*c(q) - 7*w(q). What is p(-11)?
-3
Let a(b) = b**2 + 3*b - 6. Let k be a(-5). Let j(r) = 1321*r**2 + 2*r - 2636*r**2 + 1314*r**2 - 4. Calculate j(k).
-12
Let i(l) = -l**3 + l**2 - l + 4. Let u(q) = -5*q**2 - 17*q + 8. Let h be u(-4). Let y be h - ((-4 - -5)*-8 - -1). What is i(y)?
-17
Let j(g) be the second derivative of -3*g**2 + 2*g - 1/12*g**4 + 0 + 4/3*g**3. Suppose 0 = 5*f - 3*q - 23, -f - 6 = -2*f + 2*q. What is j(f)?
10
Let w(c) be the third derivative of -c**4/8 + 8*c**2. Give w(10).
-30
Suppose -2*o = 2*m + o - 19, -o = 4*m - 23. Let r = -27 - -38. Let b(n) = r*n**2 + 4 - m - 22*n**2. Calculate b(1).
-12
Let u(w) = w**3 - 7*w**2 + 7*w + 1. Let x(f) = -f - 2. Let r be x(-2). Let q(y) = y - 10. Let m be q(r). Let z = m + 16. Give u(z).
7
Let w(f) = -f - 9 + 1 - 2*f - 3. Calculate w(-5).
4
Let t(g) = -g**2 + 7*g - 10. Let k be t(4). Let y(j) = 15*j - 9 + 4*j + 7*j**k - 6*j. Let s(r) = 8*r**2 + 14*r - 9. Let p(q) = 6*s(q) - 7*y(q). Determine p(-8).
1
Let j = 502 - 355. Suppose j = 5*g + h, -g + 1 = 5*h - 14. Let s be (-54)/10 - (-12)/g. Let y(z) = -2*z - 5. Calculate y(s).
5
Let b(m) be the second derivative of -m**3/6 - 7*m**2/2 - m. Let v(g) = -2*g - 14. Let y(d) = -5*b(d) + 3*v(d). Calculate y(-7).
0
Let w(p) be the first derivative of 1/2*p**2 - 2*p - 1/3*p**3 + 1. Let x = -4 + 7. Give w(x).
-8
Let c(b) be the first derivative of b**4/12 + 7*b**3/6 + b**2/2 - 5*b + 1. Let m(l) be the first derivative of c(l). What is m(-5)?
-9
Let l = -107 - -54. Let v = -30 - l. Let a = -17 + v. Let f(x) = -2*x + 8. Give f(a).
-4
Let g(r) = -2*r - 1. Let v be g(-8). Let w be v/(-20) - (-47)/4. Let n(m) = -1 - w*m**2 + 7*m**2 + 3*m**2 - m - m. Determine n(-3).
-4
Let z be 1/(2/(-10))*1. Let u be (0 - z)/(2/8). Suppose f - 2*w + 5*w = -u, f = -2*w - 15. Let n(b) = b**2 + 2*b - 6. What is n(f)?
9
Let w(b) be the second derivative of b**4/8 - b**3/2 + 6*b**2 - 20*b. Let y(f) be the first derivative of w(f). Give y(2).
3
Let u(x) be the first derivative of -x**3/3 + 7*x**2/2 + 3*x + 1. Let s = -333 + 339. Give u(s).
9
Let p(z) be the second derivative of z**5/20 - z**4/3 + z**2 + 156*z. What is p(3)?
-7
Let z(b) be the second derivative of 6*b + 1/2*b**3 - 7/2*b**2 + 0. Determine z(5).
8
Let w(z) = 69*z - 39. Let j(r) be the first derivative of -7*r**2 + 8*r + 5. Let n(p) = -24*j(p) - 5*w(p). Give n(3).
-24
Suppose 0 = b - 5*b - 24. Let s(v) = -v**3 - 5*v**2 + 4*v - 6. Give s(b).
6
Let q(k) = -4*k - 1. Let z(b) = b**2. Let y be z(-2). Suppose 0 = -5*v - 5*w, -30 = -2*v + y*w - 12. What is q(v)?
-13
Let y(x) = -x**3 + x**2 + 7*x. Let u(f) = -2*f**3 - f**2 + 8*f - 1. Let b(c) = -2*u(c) + 3*y(c). Give b(-5).
-23
Let m(o) = o**2 - 4*o - 4. Let b be m(4). Let g(t) = 49*t**2 - 34*t**2 + 6*t - 14*t**2 + 6. Give g(b).
-2
Let y = -39 + 40. Suppose -3*l - 2*c + 22 = -4*c, c = -l - y. Let r(t) = t - 5. Give r(l).
-1
Let w(q) = q + q**3 + 5860*q**2